8*b**2 - 28*b + 778. What are the prime factors of p(-99)?
13, 79
Let b(g) = 425*g - 51. Let o be b(6). Suppose 0 = 8*u - o - 597. List the prime factors of u.
3, 43
Suppose -137 = -7*r - 74. Suppose -7*i + r*i = -2, 3*i = -q + 543. List the prime factors of q.
2, 3, 7, 13
Let t(s) be the third derivative of s**6/120 + 7*s**5/60 - s**4/8 + 5*s**3/6 - 23*s**2. Let z be t(-6). Suppose z = k - 4. List the prime factors of k.
3, 7
Let m = 18673 + -12766. List the prime factors of m.
3, 11, 179
Let s be (-2)/(-21) + (-17119)/(-399). Suppose -32*o = -s*o + 13651. List the prime factors of o.
17, 73
Let g(a) = -39*a**3 + a**2 + 19*a + 299. List the prime factors of g(-9).
2, 5, 179
Let w(l) = -96*l + 1000. List the prime factors of w(-58).
2, 821
Let a(i) = i**2 + 12*i - 190. List the prime factors of a(57).
19, 197
Let z = -94537 - -145423. What are the prime factors of z?
2, 3, 11, 257
Suppose 0 = 4*h - 20, 3*h - 15 = -k + 5*k. Suppose 5*y - 5 = k, 7*l - y = 2*l + 2569. List the prime factors of l.
2, 257
Suppose 4*d - 2*v = -10, -2*v + 8 = -5*d - 2. Suppose -y + 656 = -l, -y - 4*l + 371 + 285 = d. What are the prime factors of y?
2, 41
Let v(y) = 8*y**3 - 15*y**2 + 42*y + 48. What are the prime factors of v(14)?
2, 307
Let h(c) = -4*c + 36. Let s be h(9). Suppose s = n - 5, -2*n - 15 + 4 = -3*r. Suppose t + 144 = r*t. List the prime factors of t.
2, 3
Suppose 13*j - 50202 = 114805 + 12651. What are the prime factors of j?
2, 6833
Suppose -22*b - 169076 = -65*b. What are the prime factors of b?
2, 983
List the prime factors of 2 - 3 - (-2667 + -14).
2, 5, 67
Let m(s) = 3*s + 40. Let z(d) = -d**2 - 11*d - 35. Let k be z(-8). Let x be m(k). Suppose -x*a + 225 + 104 = 0. What are the prime factors of a?
47
Let j(a) = -231*a + 12718. What are the prime factors of j(-110)?
2, 2383
Let g = 2070 - -4575. What are the prime factors of g?
3, 5, 443
Suppose a = -3*h + 24229, -3*a - 27896 = -5*h + 12467. Suppose 0 = -21*x + 2*x + h. List the prime factors of x.
5, 17
Suppose 3 = -j, -5*j + 18 = 5*m + 53. Let d be ((-60)/35)/(m/(-42)). What are the prime factors of (-832)/d - 16/72?
2, 23
List the prime factors of 5*43/((-1032)/(-135024)).
2, 5, 29, 97
Suppose -280 = 154*y - 162*y. What are the prime factors of (y/(-70))/((-2)/3652)?
11, 83
Let s(l) = l**3 - 10*l**2 - 24*l - 58. Let z be s(12). Let n = 55 + -94. Let d = n - z. List the prime factors of d.
19
List the prime factors of 10/90 + 246/(-27) + 6907.
2, 3449
Let f(x) = 460*x**2 + 52*x - 349. List the prime factors of f(5).
11411
Suppose -z - 5*b = -166, 0 = 2*z - 0*z + 4*b - 302. Let i = 387 - z. What are the prime factors of i?
2, 3, 41
Let r(l) = -1803*l - 998. What are the prime factors of r(-5)?
8017
Suppose 0 = -8*v - 4990 + 1270. Let u = 792 + v. What are the prime factors of u?
3, 109
Suppose -2*d - 3*u = -148280, -3*d = 118*u - 123*u - 222344. What are the prime factors of d?
2, 41, 113
List the prime factors of (6152112/64)/(-27)*-8.
2, 3, 47, 101
Let o be 1248/(-65)*5/(-2). What are the prime factors of (1 - 52)*(-544)/o?
2, 17
Suppose -3*k + 95088 = -j, -3*k + 95112 = 36*j - 41*j. List the prime factors of k.
2, 13, 23, 53
Let m be 94/(-18) + 38/171. Let r = 0 - m. List the prime factors of r*20/6*6.
2, 5
Suppose -5*a - 3*o + 8312 = 0, -2*o = -a - 6*o + 1659. Let h = 2710 - a. What are the prime factors of h?
3, 349
Suppose 57375 = 1388*h - 1363*h. What are the prime factors of h?
3, 5, 17
Suppose 7*h = 5*h + 3*c + 11, -3*c + 5 = 2*h. Let r be (h/(-10))/(124/(-60) - -2). List the prime factors of (r - 8)*(789/(-6) + -1).
5, 53
Let j be (-12)/10*(19310/(-20) - 7). Suppose -5*i + 2912 = -3*m, -5*i + m - j = -7*i. What are the prime factors of i?
11, 53
Let d(q) = 4516*q + 2283. List the prime factors of d(11).
223, 233
List the prime factors of 9447*(3 + 1)*(-1)/(27/(-18)).
2, 47, 67
List the prime factors of (-6)/((-254163)/(-23106) + -22 + 11).
2, 3, 3851
Suppose 3*y - 78087 = -3*n, 580*n - 579*n - 26001 = -5*y. List the prime factors of n.
2, 23, 283
Let g(o) = 3*o**2 - 3*o + 3. Let m be g(4). Let v = -36 + m. Suppose -z + 57 = -4*s, 3*z - 78 = 2*z - v*s. What are the prime factors of z?
3, 23
Let a(r) = -5*r + 803. Let c(b) = -2*b + 268. Let o(x) = 2*a(x) - 7*c(x). Let l(m) = m - 1. Let s(k) = 3*l(k) - o(k). What are the prime factors of s(0)?
3, 89
Suppose u + 2*i + 1 = 9, -20 = -4*u + 4*i. Suppose 4*g = u*g + 10. Let a(v) = -5*v + 12. What are the prime factors of a(g)?
37
Suppose 1398034 = 257950*c - 257928*c. What are the prime factors of c?
11, 53, 109
Let x be (11236/(-530))/(-2 + 12/5). Suppose 4*a + 42 + 42 = 0. Let s = a - x. List the prime factors of s.
2
Let m = -3 - -28. Suppose 3*d + 2*d - m = 0. Suppose d*q - 148 = -3*b - 42, 0 = 4*q + 5*b - 77. List the prime factors of q.
23
Suppose 0 = -4*m - 20, 0*m + 907 = 3*g + m. Let l = g - 252. What are the prime factors of l?
2, 13
Suppose -510 - 10636 = -2*j + 4*s, 0 = -5*s + 5. What are the prime factors of j?
5, 223
Let k(p) = p**3 - p**2 - 2*p + 366. Let l = -70 + 70. List the prime factors of k(l).
2, 3, 61
Let h(f) = -2*f**2 + 13 - 5*f**3 + 8*f - 2*f + f**2 + 19*f**3 + f. What are the prime factors of h(5)?
3, 197
List the prime factors of (45524*(-14)/(-140))/(3/15).
2, 19, 599
Let s = 2995 - -98. What are the prime factors of s?
3, 1031
Suppose 12*b - 24 = 6*b. Let r be 3*((-9)/((-9)/2) + b). Suppose 167 = -r*x + 4217. What are the prime factors of x?
3, 5
Suppose 4*g + 457 = s - 646, s + g = 1103. Let p = s - 539. List the prime factors of p.
2, 3, 47
Let r = 255 + 267. Suppose -r = -3*u + 4*z - z, -2*z = -3*u + 517. List the prime factors of u.
13
Let u(y) be the third derivative of -y**6/120 - y**5/15 + y**4/24 + 2*y**3/3 - 40*y**2 + 3*y. Suppose -3*w - w = 20. List the prime factors of u(w).
2, 3
Suppose 32*b = -5*a + 34*b + 137415, 5*a - 5*b = 137400. What are the prime factors of a?
5, 23, 239
Let d = 814 - 600. Let a = 1853 - d. List the prime factors of a.
11, 149
Suppose 42 = 19*q - 5*q. Let j be -14 + (91/(-21) - q/(-9)). Let v = 75 + j. List the prime factors of v.
3, 19
Let r(x) = -x**2 - 13*x - 5. Let p be ((-3)/6)/(3/60). Let i(f) = f**2 + 9*f - 20. Let y be i(p). List the prime factors of r(y).
5
Suppose 459 = 3*o - 3*a, -13*a = -10*a. Suppose -91*w = -92*w + o. What are the prime factors of w?
3, 17
Suppose 0 = 20*i + 66*i - 276060. List the prime factors of i.
2, 3, 5, 107
Let a be (352 + 1 + 0)*1*-2. Let g = -124 - a. List the prime factors of g.
2, 3, 97
Suppose -2*s - 2*l + 8 = -2, 0 = -l + 2. Suppose -s*v = 3, 3742 + 841 = 4*h - 3*v. What are the prime factors of h?
5, 229
Let v = 586 + -584. Suppose -15*l + 10*l = -v*w - 5821, 0 = -3*l + 3*w + 3498. What are the prime factors of l?
1163
Suppose 0 = 3*l + 5*w - 3387, 177*w = 180*w + 9. List the prime factors of l.
2, 3, 7
Suppose 6 - 16 = -5*g, -2*f + 4*g + 2 = 0. Suppose v - n - 218 = 0, f*v - 2*v + 2*n = 669. What are the prime factors of v?
13, 17
Let r(u) = -12615*u - 358. List the prime factors of r(-1).
7, 17, 103
Let t(s) = 490*s**2 + 44*s - 295. What are the prime factors of t(6)?
17609
Let u be (-1*4/12)/((-4)/48). Let n be u*(315/20 + 1). Let l = 80 - n. What are the prime factors of l?
13
Let l = -356 - -1007. Let s = l + -66. List the prime factors of s.
3, 5, 13
Suppose -m - z = 3*z - 8686, -2*m + 17346 = -5*z. What are the prime factors of m?
2, 4339
Let r be 3 - 25/(200/(-13776)). Let m = r + -672. What are the prime factors of m?
3, 13
Let j = 287 - -70. Suppose 0 = -2*h - 5*a + 301, -3*h = 5*a - j - 87. List the prime factors of h.
11, 13
Let o(n) be the third derivative of n**6/120 + n**5/6 - 5*n**4/4 + 3*n**3/2 + 143*n**2. What are the prime factors of o(-9)?
2, 3, 5
Suppose -x - 553 = -8*x. Suppose 4*f + 3*c = x, 5*f + c - 33 = 52. Suppose 0 = -8*p + f*p - 904. What are the prime factors of p?
113
Let o be -6 + 10 + -3 + (2 - -1). List the prime factors of -3 - o - -3 - 7777/(-7).
3, 41
Let l(r) be the first derivative of 18*r - 34*r**2 + 5*r**3 - 5*r - 27 + 30*r**2. List the prime factors of l(4).
13, 17
Let l = 5 + -5. Suppose 11*m + 1120 - 6642 = l. List the prime factors of m.
2, 251
Let y = -22 + 27. Suppose -15 = -4*f - 3. Suppose 5*u - 5*j - 161 = -4*j, f*u - 119 = -y*j. What are the prime factors of u?
3, 11
Let p = 126 